 - 8*z + k. Calculate the greatest common divisor of x and 58.
58
Let d(c) = -c**3 + 4*c**2 + 24*c - 15. Let g be d(7). Suppose 0 = g*v - 155 + 65. Calculate the highest common divisor of v and 40.
5
Suppose -291*v + 652*v - 3005794 = -273*v. Calculate the highest common divisor of v and 121.
11
Let t(u) = -2*u - 35. Let o be t(-19). Let g(d) = o*d + 3*d - 25 - 16*d + d**2. Let q be g(13). Calculate the greatest common divisor of q and 28.
14
Let q = 13711 + -3467. What is the greatest common divisor of q and 197?
197
Suppose -4*w + 532 = 4*g, -7*g + 6*g - 5*w + 145 = 0. What is the greatest common factor of g and 195?
65
Let m = -7 - -10. Suppose 0 = 5*j - 4*s - 160, -4*j + 41 = -2*j + m*s. Calculate the highest common divisor of j and 7.
7
Suppose 166*v - 16 = 164*v - 2*x, -20*x = -4*v - 64. Suppose 2*i + 18 = 5*i. Calculate the greatest common factor of v and i.
2
Let x = 375 + -15. Let p be 4776/45 - -3 - 48/x. Calculate the greatest common divisor of p and 1744.
109
Let f = 109 + -53. Let t(l) = -10*l + 462. Let q be t(43). What is the highest common factor of q and f?
8
Let b be 2/7*(22 - 8)/1. Let x be -2*2/b - -7. Calculate the greatest common factor of 7 and x.
1
Let d(t) be the first derivative of t**4/4 - 37*t**3/3 + 2*t**2 - 46*t + 173. Let a be d(37). What is the greatest common divisor of 272 and a?
34
Let n = -61 + 36. Let m be (-40)/n + -2 - (-396)/15. Calculate the highest common factor of m and 143.
13
Let j be (10*-1)/(2*12/(-7212)). Calculate the greatest common divisor of 10 and j.
5
Let l be (14/28)/((-2)/4)*-3. Suppose -z - 609 = -l*d - 4*z, -2*d - z = -401. Calculate the highest common factor of d and 36.
18
Suppose -7324 - 12284 = -228*s. Calculate the greatest common divisor of 16297 and s.
43
Let b be 6*11/((-308)/(-66654)). Calculate the greatest common factor of b and 414.
207
Let s be (-1)/(-2)*(-56)/(-4). Let l be s/7 + 170 + 5. Calculate the highest common factor of l and 22.
22
Let w(z) = -z**2 + 4*z. Let c be w(3). Suppose 0 = -c*r + 4*o + 41, 0*o = -5*r - 3*o + 20. What is the greatest common factor of r and 1?
1
Suppose -2619 = -16*r + 770 - 749. What is the highest common divisor of 264 and r?
33
Suppose -3*a - 18 = -2*j, 7*a - 9*a - 16 = -2*j. Let h(l) = 15*l - 86. Let f be h(j). Calculate the greatest common factor of f and 8.
4
Let o(t) = -21*t + 1415. Let c be o(-15). Calculate the greatest common factor of c and 20.
10
Suppose 4*i + 16 = -0*i. Let h be (-4 - (-36)/i)*(-2 + -1). Suppose 0 = 4*s + b - 1721, -843 = -2*s + 4*b - b. What is the greatest common divisor of s and h?
39
Let q(z) = -4*z**2 - 113*z - 8. Let s be q(-29). Let a be (513/s)/(1/(-5)). What is the greatest common divisor of 234 and a?
9
Suppose -2*c = 4*m - 22, c - 4*c = 3*m - 9. Let v be 10/20 - 2/(m/(-318)). Calculate the greatest common divisor of 64 and v.
16
Let o = 11139 + -11079. What is the greatest common factor of 24870 and o?
30
Let c = -228 - -438. Let g(p) = 3*p**2 - 7*p - 40. Let j be g(6). Suppose -j*y + 21*y = -150. Calculate the highest common factor of y and c.
30
Suppose 0 = 4*n, 0 = -2*d + 5*n + 15 + 25. What is the greatest common divisor of d and 2540?
20
Let m = -99 - -174. What is the greatest common factor of 145 and m?
5
Let a(o) = o**3 + 21*o**2 + 59*o + 870. Let b be a(-20). Let s = -129 - -75. Let h be s/8*(-8)/3. What is the highest common factor of b and h?
18
Let h be (19 - 1)*(11 + 138/(-9))*-5. What is the highest common factor of h and 1830?
30
Let i be 16/(-28) + (-2192)/(-14). Suppose 0 = -2*l + 4*h - 8*h + 56, 0 = -5*l + 6*h + 12. What is the greatest common divisor of l and i?
12
Let t(s) = 55*s**3 + 5*s**2 - 6*s + 3. Suppose -j - 23 = -25. Let q be t(j). What is the highest common factor of q and 11?
11
Let z = -1158 + 1287. Suppose 0*f + 86 = 2*f. Calculate the highest common factor of f and z.
43
Suppose 7*l - 10*l - 2*t + 8 = 0, -4 = -l - 2*t. Suppose l*j - 56 = -8. What is the greatest common divisor of j and 80?
8
Let v be (84 + -2)/(-1)*(525/(-30) + 17). Calculate the greatest common factor of v and 10414.
41
Let l(f) = 21*f**2 - 3*f - 8. Let j = -320 - -315. Let g be l(j). What is the highest common divisor of 7 and g?
7
Suppose -3*r - 4*p + 0 = -2, 3*p = -2*r. Let w be (-350)/(-20)*((-1045)/(-77) + -5). What is the highest common divisor of r and w?
6
Let h = 300 - 179. Let g = h - 66. Suppose -2*k - g = -6*k + 5*l, 3*l = 4*k - 49. What is the highest common factor of k and 4?
2
Let h be (-2)/(-4) + (-152)/(-16). Suppose 0 = -5*f - h, 4*d + 4*f = 11 + 1. What is the highest common factor of 245 and d?
5
Let y be (-124)/(-3) - 2/(-3). Let k(s) = 4983*s + 59810. Let m be k(-12). What is the greatest common divisor of y and m?
14
Suppose 12*m = 994 - 2398. Let f be (-1)/((-2)/(-6)) - (m - -66). What is the greatest common divisor of 108 and f?
12
Let g be (-56)/196*(-1 - 1182). Suppose 2*l + g = 5*t, -5*t + l - 205 = -8*t. What is the greatest common divisor of t and 204?
68
Let q be (151 - 152)*-7*(1 - -126). What is the highest common factor of 127 and q?
127
Suppose -121*t + 2283840 = 560074. Calculate the greatest common divisor of 34 and t.
34
Let b(i) = -2*i**3 + 39*i**2 - 161*i - 60. Let d be b(13). Calculate the highest common divisor of 2893 and d.
11
Let x = 4 + 10. Let i = 27 - x. Suppose -2*q - 9*q = -143. Calculate the greatest common divisor of i and q.
13
Suppose 5*u + 40 = 0, 5*u = 24*a - 25*a + 765. What is the highest common factor of 420 and a?
35
Suppose 37*i - 38*i + 4*d = 7, -2*i - 2*d + 36 = 0. What is the highest common factor of 21177 and i?
13
Suppose 8*p - 3*p = 80. Let q(l) = 8*l - p*l - 11*l + 4. Let c be q(-2). Calculate the greatest common divisor of 14 and c.
14
Suppose 0 = 3*y + 81*w - 86*w - 21424, 5*w = 35. What is the highest common factor of 2799 and y?
311
Suppose -12*g = 43*g + 18*g - 25039. Calculate the greatest common divisor of 21 and g.
7
Let f(g) = -90*g + 1030. Let r be f(11). Calculate the highest common divisor of 645 and r.
5
Let k = -2275 - -2283. What is the greatest common factor of 11944 and k?
8
Let f(o) = 370*o**2 - 17*o - 243. Let s be f(-5). Calculate the greatest common factor of 4 and s.
4
Let g(b) = b**2 + 128*b - 3853. Let l be g(45). Calculate the greatest common divisor of 12 and l.
4
Let s(j) = 5*j**2 + 4*j + 3. Let t be s(-1). Suppose t*l - 20 = 3*l. Let v be 8 - -90 - (9/(-3) - -1). Calculate the highest common factor of v and l.
20
Let x = 36435 + -33978. What is the greatest common divisor of 364 and x?
91
Let g be (57*5 - -2)*1. Let a(r) = r**2 + 28*r + 100. Let l be a(-30). Suppose 4*z - l = -2*n, 2 = -2*n + n. What is the greatest common divisor of g and z?
41
Suppose -12 = -5*b + 8. Suppose -165 = -b*c + c. Suppose -1505 + 1450 = -5*d. What is the greatest common divisor of d and c?
11
Let d be ((-152)/(-12))/(-4*(-5)/240). Suppose 0 = -153*u + d*u + 6. What is the highest common divisor of u and 24?
6
Suppose -13964 + 18308 = 4*h. Calculate the greatest common factor of h and 18.
6
Let v = 790 + 2138. What is the highest common factor of v and 96?
48
Let i = 120 + -90. Calculate the highest common factor of i and 130.
10
Suppose 130*n - 137*n = 0. Suppose n = 15*v - 669 - 216. What is the greatest common factor of 177 and v?
59
Let u be 2/(-54) + 4875/405. What is the highest common factor of 11082 and u?
6
Let l = 120 - 114. Let s be (4 + 164/l)/((-4)/(-6)). Calculate the greatest common divisor of s and 235.
47
Let g(l) be the first derivative of -9*l**2 + 9*l - 30. Let o be g(-6). Calculate the highest common divisor of 78 and o.
39
Let v be (-6)/(-4)*(40/15 - -4). Let p = -29 + 21. Let k be (-2 + 4)*(p - -10). Calculate the greatest common divisor of v and k.
2
Let d be (-2)/(-5) + 4/(-60)*-489. Suppose -d*c = -28*c - 4*v - 111, -c = 4*v - 3. What is the greatest common factor of 57 and c?
19
Suppose 5*d - 4*y = 0, 3*y = -0*d + 3*d. Suppose d = 21*j - 18*j - 282. What is the greatest common divisor of j and 235?
47
Suppose -3*o - 3*g = -10188, -g + 296 = 303. Calculate the greatest common factor of o and 369.
41
Suppose -2*d - 26 = -n, 0 = 3*n + 5*d - 0*d - 100. Suppose 0 = 5*o + 3*f - 288, -o - 3*o - 5*f + 220 = 0. What is the greatest common divisor of n and o?
30
Suppose c + 2 = 3*a - 8, 3*a - 11 = 2*c. Let 